) - 1 - (27 + 1).
-27
What is the value of (-166 - -461) + -172 + 1 + (-1 - 13)?
110
Calculate 18 - (-90 - -67) - (91 + 11).
-61
What is -1 + (5 - 1) + (58 - (22 - 60) - -12)?
111
(1 - 2 - -51) + (-10 + 62 - 58)
44
What is (0 + -3 - (-11 - (-12 + 21))) + -5?
12
Evaluate 18 + -9 + (-5 + 19 - 17).
6
Calculate (-1 + 4 - 3) + (-19 - -8 - -43) + 14.
46
Calculate -2 + 228 + (-24 - 99) + (-1 - 2).
100
Evaluate (-63 + 33 - 27) + 79.
22
Evaluate 23 + (-62 + (27 - 25) - 5).
-42
Calculate (-5 - (-14 + 6 + 18)) + 4 + -5.
-16
4 - (8 + (19 - 58)) - 8
27
What is 33 - (-14 + 74 + -148)?
121
Calculate (19 - (21 - 5)) + (31 - 17).
17
Evaluate (-1 + 3 - -6) + (-13 + (23 - 9) - 8).
1
What is -7 - (7 + 14 + (-3 - 11) + -62)?
48
What is the value of (1 - 15) + -170 + 200 - -22 - (0 - 0)?
38
What is 22 - (-13 + 32 - -14) - (-31 - 0)?
20
Evaluate 75 - 1 - (20 + -3 + (-13 - -11)).
59
8 - (1 + -16) - (-14 + -7)
44
What is 891 - 862 - (-11 + 82)?
-42
3 - -1 - ((-6 - -42) + (-7 - (0 - -6)))
-19
Evaluate -3 + 6 + (49 + -38 + 7 - (12 + 2)).
7
19 + 12 + -17 + (37 - 10)
41
Calculate 69 + (-30 - -22) - (6 - (-11 - -5)).
49
Calculate -4 + (1 - -21) + -5 - 74.
-61
Evaluate -11 + (45 + -7 - -9) + (18 - 4).
50
Calculate (-44 + (15 - 7) - 12) + (11 - (9 - -1)).
-47
What is -9 - (15 - (66 + (19 - (-2 - -16))))?
47
Evaluate 28 - 71 - (-13 + -1).
-29
Calculate 469 + -388 - (35 + 0).
46
-4 - (36 - 47) - (11 + 3) - (-58 - 0)
51
Evaluate (-44 - -129) + -74 - 95.
-84
What is -94 + -10 + 15 - (12 + -28 + 11)?
-84
What is the value of -2 + (-1 - 86) - (-12 - (-111 + 97))?
-91
What is the value of 14 + 92 + -25 - (-112 + 81)?
112
What is 12 + 0 - ((-15 + -6 - -8) + -7)?
32
What is the value of -34 + 13 + -8 + (-38 - 1)?
-68
Evaluate (34 - 33 - (2 + -2)) + (-21 - -1).
-19
Calculate (26 - ((21 - 11) + 64)) + 32 - (-1 - 91).
76
Calculate 17 - 13 - (54 + -89 + (-4 - 1)).
44
What is 170 + -82 + -29 - 84?
-25
What is the value of 1 + -1083 + 1041 + (165 - 1)?
123
What is 8 + -18 + -10 + 15 + (2 - -4)?
1
Calculate (6 - -2) + (-29 - 9) + -17 + -4.
-51
Calculate 1 + (2 - 21) + 26 + 5 + -1 - -25.
37
Evaluate -2 + -1 - -26 - (-31 - (10 - 33)).
31
Calculate (-9 - -3) + 2 + -8 + (31 - 5) + -11.
3
28 + 33 + 34 + -68
27
48 + 48 + (-101 - -8)
3
What is the value of 249 - -9 - 170 - (35 + -2)?
55
Calculate -5 - 9 - (-32 - (-11 + 7)).
14
-19 - -22 - (1 + -3) - (-11 + 1 + 20)
-5
What is 121 - (13 - -52 - -5)?
51
Evaluate -32 + 77 + (9 - -1 - (0 - -7)).
48
Evaluate 16936 + -16918 - (-2 - (-2 - 0 - -16)).
34
Calculate 18 - (4 + -9 + (-7 - -29) - 38).
39
1349 + -1382 + (0 - -12)
-21
10936 - 11003 - (2 + -171)
102
(20 - (-16 + 15 - -25)) + (40 - 2)
34
What is (-2 - -2) + (36 - 86 - -88)?
38
Calculate (124 - (-32 + 106)) + -58.
-8
What is 75 + (-86 - -22 - -1)?
12
What is the value of (45 - (-2 + 14 + -2)) + -5 + (5 - 1)?
34
What is -42 - (-33 - 58) - 65?
-16
What is the value of 9 + -52 + 15 - (5 + 2 + 3)?
-38
What is -6 - (-28 - (-52 + -1))?
-31
What is -116 + 243 + (-107 - -93)?
113
Evaluate -231 + 136 + 89 + -19.
-25
-37 + (40 - 62) + 27
-32
27 + (-72 + -7 - -57)
5
408 + -413 + (-9 - (-4 - (6 + -6)))
-10
Calculate 40 + (-4 - 55) + -47.
-66
Evaluate (18 - 1 - 50) + 22 + 36.
25
0 - (-2 + 5) - ((-53 - -54) + -4)
0
Evaluate (10 - 7 - 8) + 2 + 68 + -9.
56
What is the value of -111 - (-29 - (87 - -12))?
17
What is the value of 114 + -108 + (-9 + 5 - -5 - 10)?
-3
What is 100 - -4 - (561 - 508)?
51
Evaluate 7 - -1 - (63 + -3 + -21 - (3 + -1)).
-29
What is (29 - (20 - 21)) + (18 - -14)?
62
What is 27 - (10 - 1 - (-47 - (4 - 50)))?
17
What is the value of -10 + 33 + (-44 - -14) - (2 + 0 - -13)?
-22
-48 - (1 + 3 - (-58 + -98 + 161))
-47
Evaluate (13 + 3 - 27) + 9 - (2 - -3).
-7
Calculate -108 + -108 + 0 + 113.
-103
What is (-93 - -1) + (-12 - -7) - (-3 + -25 - -23)?
-92
What is (13 + -9 - -4) + 6 + 6 + (-128 - -2)?
-106
34 - -13 - -7 - 83
-29
-1 - -1 - (4 + -110 - -107) - (-6 + -2)
7
Evaluate 13 + -7 + (15 - 20) + -11 + 2.
-8
Evaluate -2 + -5 + -25 - (-1 + -4 - -12 - 9).
-30
What is the value of (1 - (-2 - 0) - (-26 - 41)) + (-504 - -508)?
74
What is -2 + (7 + -4 - -4 - 9) + 7 + -3?
0
-9 + (-1 - 8 - (-58 - (-93 + 40)))
-13
What is 18 - ((14 - (24 + -8)) + 9 - 28)?
39
Calculate (2428 - 2342) + -146 + -1.
-61
Evaluate 4 + -3 - 43 - (16894 + -16927).
-9
What is -254 - -77 - -189 - (-96 + -2 - -1 - -3)?
106
What is 2 + (-2 - (-1 - (11 - 13 - 6 - -7)))?
0
22 - (-25 + 13) - (38 + -51)
47
What is 95 + (24 - (103 - 18)) - (-1 + -14)?
49
Calculate 31 - (17 - (1 + 17)) - 49.
-17
What is the value of 13 - (-11 - ((-2 - 25) + -21 + 29 + -1))?
4
-44 + 0 + 4687 + -4615
28
What is the value of -19 + (-43 - -44) - -44?
26
What is -24 + -28 - 9 - (63 + -64)?
-60
What is the value of 121 + -271 + (-17 - -101)?
-66
What is the value of -65 - ((22 - -6) + -46 + -6 + 40)?
-81
What is the value of 232 + -140 + 37 - 168?
-39
What is the value of (-12 - (-54 - -29)) + -11 - (-12 - 0) - -85?
99
What is the value of (27 - 5 - 38 - -19) + -27 + (1 - 1)?
-24
Evaluate (-49 - -5) + (-9 - -27) + 16.
-10
What is the value of -3 - ((18 - -28) + 80)?
-129
-2 - (-22 - (24 - (26 - 15)))
33
Calculate -17 - -131 - ((-12 - -25) + 7 + -8).
102
Evaluate (13 - 6 - -1) + (-21 + -31 - (16 + -1)).
-59
What is the value of -6 + -5 + 33 + -32 + -6 + 1?
-15
Calculate (-7 - (12 - 6) - -13) + 2 + 70 + 5.
77
What is the value of -1877 - -1874 - ((0 - (1 - -2)) + -28)?
28
What is 62 + (-12 - 134) + 34?
-50
3 + 23 + 24 + -31 + -4 + -11
4
Evaluate -8 - -14 - (-21 + 8 + 0 + -13).
32
-7 + (-9 - 69 - -26) + 11
-48
12 - (8 + 26 + -32 + 34)
-24
What is the value of (56 - 50) + (-16 - -27 - -7)?
24
What is -17 + 1 - (33 + (3 - 1) + -123)?
72
What is (66 - 66) + (25 - (17 + (-2 - 4)))?
14
-19 - -96 - -32 - 2 - 15
92
Calculate (-1 - 11) + 57 + (2 - 53) + -13.
-19
Calculate (-113 - -39) + 48 - (-2 + -13 + -1).
-10
Evaluate (-19 + 22 - -44) + -56 + (1 + 0 - 40).
-48
Calculate (2 + -9 - -49) + (-8 - -15) + -16.
33
What is 52 + 16 + -79 - 49?
-60
What is -7 + -5 + -24 + (4 - -17) - 32?
-47
What is the value of 11 + -10 + -2 + (6 - (0 - -15 - 1))?
-9
Evaluate 21 + (55 + -38 - 76).
-38
What is 39 + -15 - ((38 - 68) + 63)?
-9
What is 8 - -42 - (46 + -61 - (2 + -17))?
50
Calculate 86 + -65 - (39 + -6 + 1).
-13
Evaluate (1 - -5) + 46 + -17 + -33.
2
-68 - ((6 + -8 - 4) + 0 + (125 - 118))
-69
Calculate (80 + 18 - 101) + -111.
-114
What is (-3 + 24 - -8) + 6 + -14?
21
What is the value of (-6 + 4 + -4 - 3) + (-11 - (-9 + 16))?
-27
(-18 - -5) + 17 + -3 + -6 - -20 - -116
131
What is 14 - -59 - 30 - 9?
34
What is the value of 9 - 45 - ((12 - 41) + 20 + -1 + 17)?
-43
What is the value of 45 + -37 + 146 + -63?
91
Calculate -16 - (-1 + 20 + (-219 - -220)).
-36
Evaluate (8 - 11 - (32 - (27 + -6))) + 43 + 0.
29
-18 - (-11 - (2 - (-5 - -11))) - 12
-23
1637 - 1635 - (12 + (1 + 0 - 3))
-8
What is the value of 90 + -32 + -51 + 1?
8
Evaluate (0 - -11) + 45 + -52 + -19.
-15
(-2 - 1) + -24 + (12 - -63 - -23)
71
What is -1024 + 1016 - (-9 - (-8 - -7))?
0
What is (33 - -6) + 1 - 19?
21
Calculate 111 - (27 - -44) - 99.
-59
What is 17 + 1 + 0 - (-8 - 1)?
27
Calculate -61 + 2 + -2 + 23 + 7.
-31
-7 + 4 + -2 + (51 - 7) + -8
31
What is the value of 9 - ((7 - 7) + -7 + -15 + 19)?
12
Evaluate 14773 - 14820 - (0 - -9).
-56
75 + -90 - (26 + 4) - -1
-44
What is -72 - (7 - -39 - 110)?
-8
What is (11 - 0) + (-43 - -56 - 3) + (0 - 4)?
17
-172 + 151 - (-119 + -19)
117
What is -11 - -32 - (1 + -8 + 1)?
27
What is (52 - 10) + -48 - (-5 + -1 + 3 - -40)?
-43
What is the value of -24 - (212 - 223 - (-4 + -2))?
-19
What is -1256 - -1255 - (0 + 3 + -1 + (3 - 42))?
36
(3 - (7 + 2 + -23 + 21)) + -89
-93
Evaluate -2 + -9 + 13 + (4 - 1 - -4) + 1.
10
What is 35 - (-24 - -11 - (-31 - 0))?
17
What is the value of (432 - 446) + (0 - 68)?
-82
(-1122 - -1111) + -1 + 3 + 39
30
Calculate 2 + -11 + -93 + -9.
-111
What is the value of 19 + -65 + 98 + -78?
-26
Evaluate 95 + (2 - (-6 + 10 + -9) - 0 - -3).
105
What is the value of 50 + -72 - (-36 - -4)?
10
What is (-3 - (-22 - 5 - -26)) + 29?
27
What is (-8 - 25 - 20) + 41?
-12
(16 - -112) + -3 + 15 + -24 + 22
138
(-23 - (-63 - -12)) + 19
47
What is the value of 2 + 15 - (19 + (114 - 64))?
-52
Calculate (33 + 149 + -30 - 19) + 8 + -34.
107
Evaluate 15 + 1 - (16 + ((-17 - 9) + 12 - -1)).
13
Wha